{"id":43,"date":"2014-03-07T16:26:23","date_gmt":"2014-03-07T14:26:23","guid":{"rendered":"http:\/\/beerihof.ch\/?page_id=43"},"modified":"2015-05-07T22:03:32","modified_gmt":"2015-05-07T20:03:32","slug":"himbeeren","status":"publish","type":"page","link":"https:\/\/beerihof.ch\/wordpress2014\/index.php\/unsere-produkte\/beeren\/himbeeren\/","title":{"rendered":"Himbeeren"},"content":{"rendered":"<h2>Die Sommer-Himbeere<\/h2>\n<figure id=\"attachment_282\" aria-describedby=\"caption-attachment-282\" style=\"width: 300px\" class=\"wp-caption alignleft\"><a href=\"http:\/\/beerihof.ch\/wordpress2014\/wp-content\/uploads\/2014\/03\/P1020494.jpg\"><img loading=\"lazy\" decoding=\"async\" class=\"size-medium wp-image-282\" src=\"http:\/\/beerihof.ch\/wordpress2014\/wp-content\/uploads\/2014\/03\/P1020494-300x225.jpg\" alt=\"Sonnengreifte Himbeeren\" width=\"300\" height=\"225\" srcset=\"https:\/\/beerihof.ch\/wordpress2014\/wp-content\/uploads\/2014\/03\/P1020494-300x225.jpg 300w, https:\/\/beerihof.ch\/wordpress2014\/wp-content\/uploads\/2014\/03\/P1020494-1024x768.jpg 1024w\" sizes=\"auto, (max-width: 300px) 100vw, 300px\" \/><\/a><figcaption id=\"caption-attachment-282\" class=\"wp-caption-text\">Sonnengreifte Himbeeren<\/figcaption><\/figure>\n<p>Die Sommer-Himbeeren schliessen sich im Beerenjahr den Erdbeeren an. So k\u00f6nnen wir Ende Erdbeerernte die ersten Himbeeren ernten. Im Verlauf des Sommers wachsen die neuen Triebe, welche dann erst ein Jahr sp\u00e4ter Fr\u00fcchte tragen. Nach der Ernte der Beeren werden die diesj\u00e4hrigen Triebe herausgeschnitten und die jungen neuen Triebe aufgebunden und \u00fcberwintert. Die Ruten sind fein bestachelt.<\/p>\n<h2>Die Herbst-Himbeere<\/h2>\n<p>es Sch\u00e4leli Himbeeren, bitte<\/p>\n<figure id=\"attachment_299\" aria-describedby=\"caption-attachment-299\" style=\"width: 225px\" class=\"wp-caption alignleft\"><a href=\"http:\/\/beerihof.ch\/wordpress2014\/wp-content\/uploads\/2014\/03\/P1010182-e1431028940102.jpg\"><img loading=\"lazy\" decoding=\"async\" class=\"size-medium wp-image-299\" src=\"http:\/\/beerihof.ch\/wordpress2014\/wp-content\/uploads\/2014\/03\/P1010182-e1431028940102-225x300.jpg\" alt=\"es Sch\u00e4leli Himbeeren, bitte\" width=\"225\" height=\"300\" srcset=\"https:\/\/beerihof.ch\/wordpress2014\/wp-content\/uploads\/2014\/03\/P1010182-e1431028940102-225x300.jpg 225w, https:\/\/beerihof.ch\/wordpress2014\/wp-content\/uploads\/2014\/03\/P1010182-e1431028940102-768x1024.jpg 768w\" sizes=\"auto, (max-width: 225px) 100vw, 225px\" \/><\/a><figcaption id=\"caption-attachment-299\" class=\"wp-caption-text\">es Sch\u00e4leli Himbeeren, bitte<\/figcaption><\/figure>\n<p>Die Herbst-Himbeeren werden nach der Ernte geschnitten. Im Fr\u00fchling wachsen die Triebe, an denen bis zum August die Beeren reifen.<br \/>\nBis Ende September reifen laufend neue Beeren, und da die Str\u00e4ucher gedeckt sind, k\u00f6nnen wir diese auch bei Regenwetter ernten.<\/p>\n","protected":false},"excerpt":{"rendered":"<p>Die Sommer-Himbeere Die Sommer-Himbeeren schliessen sich im Beerenjahr den Erdbeeren an. So k\u00f6nnen wir Ende Erdbeerernte die ersten Himbeeren ernten. Im Verlauf des Sommers wachsen die neuen Triebe, welche dann erst ein Jahr sp\u00e4ter Fr\u00fcchte tragen. Nach der Ernte der Beeren werden die diesj\u00e4hrigen Triebe herausgeschnitten und die jungen neuen Triebe aufgebunden und \u00fcberwintert. Die &hellip; <a href=\"https:\/\/beerihof.ch\/wordpress2014\/index.php\/unsere-produkte\/beeren\/himbeeren\/\" class=\"more-link\">Continue reading <span class=\"screen-reader-text\">Himbeeren<\/span><\/a><\/p>\n","protected":false},"author":1,"featured_media":0,"parent":35,"menu_order":0,"comment_status":"closed","ping_status":"closed","template":"","meta":{"footnotes":""},"class_list":["post-43","page","type-page","status-publish","hentry"],"_links":{"self":[{"href":"https:\/\/beerihof.ch\/wordpress2014\/index.php\/wp-json\/wp\/v2\/pages\/43","targetHints":{"allow":["GET"]}}],"collection":[{"href":"https:\/\/beerihof.ch\/wordpress2014\/index.php\/wp-json\/wp\/v2\/pages"}],"about":[{"href":"https:\/\/beerihof.ch\/wordpress2014\/index.php\/wp-json\/wp\/v2\/types\/page"}],"author":[{"embeddable":true,"href":"https:\/\/beerihof.ch\/wordpress2014\/index.php\/wp-json\/wp\/v2\/users\/1"}],"replies":[{"embeddable":true,"href":"https:\/\/beerihof.ch\/wordpress2014\/index.php\/wp-json\/wp\/v2\/comments?post=43"}],"version-history":[{"count":6,"href":"https:\/\/beerihof.ch\/wordpress2014\/index.php\/wp-json\/wp\/v2\/pages\/43\/revisions"}],"predecessor-version":[{"id":300,"href":"https:\/\/beerihof.ch\/wordpress2014\/index.php\/wp-json\/wp\/v2\/pages\/43\/revisions\/300"}],"up":[{"embeddable":true,"href":"https:\/\/beerihof.ch\/wordpress2014\/index.php\/wp-json\/wp\/v2\/pages\/35"}],"wp:attachment":[{"href":"https:\/\/beerihof.ch\/wordpress2014\/index.php\/wp-json\/wp\/v2\/media?parent=43"}],"curies":[{"name":"wp","href":"https:\/\/api.w.org\/{rel}","templated":true}]}}