{"id":37,"date":"2014-03-07T16:21:02","date_gmt":"2014-03-07T14:21:02","guid":{"rendered":"http:\/\/beerihof.ch\/?page_id=37"},"modified":"2016-02-29T10:21:05","modified_gmt":"2016-02-29T09:21:05","slug":"erdbeeren","status":"publish","type":"page","link":"https:\/\/beerihof.ch\/wordpress2014\/index.php\/unsere-produkte\/beeren\/erdbeeren\/","title":{"rendered":"Erdbeeren"},"content":{"rendered":"<p>Der Erntebeginn der Erdbeeren variiert von Jahr zu Jahr. 2006 begann die Erdbeerzeit sehr sp\u00e4t, n\u00e4mlich erst Mitte Juni.\u00a0 In anderen\u00a0Jahren\u00a0 waren die Beeren bereits einen Monat fr\u00fcher reit.<br \/>\nFalls Sie \u00fcber den Erntestart des aktuellen Jahres informiert werden m\u00f6chten, teilen Sie uns dies per Mail (<a href=\"mailto:info@beerihof.ch\">info@beerihof.ch<\/a>) mit.<\/p>\n<p>Der s\u00fcssen Verlockung der Erdbeere kann kaum jemand widerstehen. Gesundheit, Sinnlichkeit und Lebenskraft sind die Begriffe, die zur Erdbeere passen. Es gibt \u00fcber tausend verschiedene Erdbeerz\u00fcchtungen und es kommen Jahr f\u00fcr Jahr ein paar neue auf den Markt.<br \/>\nDie Erdbeere geh\u00f6rt zu den Rosengew\u00e4chsen.<br \/>\nDie vitaminreichen, leckeren Beeren sind von Natur aus zarte Fr\u00fcchte. Bereits ein Wasserstrahl kann die Zellstruktur zerst\u00f6ren.<\/p>\n","protected":false},"excerpt":{"rendered":"<p>Der Erntebeginn der Erdbeeren variiert von Jahr zu Jahr. 2006 begann die Erdbeerzeit sehr sp\u00e4t, n\u00e4mlich erst Mitte Juni.\u00a0 In anderen\u00a0Jahren\u00a0 waren die Beeren bereits einen Monat fr\u00fcher reit. Falls Sie \u00fcber den Erntestart des aktuellen Jahres informiert werden m\u00f6chten, teilen Sie uns dies per Mail (info@beerihof.ch) mit. Der s\u00fcssen Verlockung der Erdbeere kann kaum &hellip; <a href=\"https:\/\/beerihof.ch\/wordpress2014\/index.php\/unsere-produkte\/beeren\/erdbeeren\/\" class=\"more-link\">Continue reading <span class=\"screen-reader-text\">Erdbeeren<\/span><\/a><\/p>\n","protected":false},"author":1,"featured_media":281,"parent":35,"menu_order":0,"comment_status":"closed","ping_status":"closed","template":"","meta":{"footnotes":""},"class_list":["post-37","page","type-page","status-publish","has-post-thumbnail","hentry"],"_links":{"self":[{"href":"https:\/\/beerihof.ch\/wordpress2014\/index.php\/wp-json\/wp\/v2\/pages\/37","targetHints":{"allow":["GET"]}}],"collection":[{"href":"https:\/\/beerihof.ch\/wordpress2014\/index.php\/wp-json\/wp\/v2\/pages"}],"about":[{"href":"https:\/\/beerihof.ch\/wordpress2014\/index.php\/wp-json\/wp\/v2\/types\/page"}],"author":[{"embeddable":true,"href":"https:\/\/beerihof.ch\/wordpress2014\/index.php\/wp-json\/wp\/v2\/users\/1"}],"replies":[{"embeddable":true,"href":"https:\/\/beerihof.ch\/wordpress2014\/index.php\/wp-json\/wp\/v2\/comments?post=37"}],"version-history":[{"count":5,"href":"https:\/\/beerihof.ch\/wordpress2014\/index.php\/wp-json\/wp\/v2\/pages\/37\/revisions"}],"predecessor-version":[{"id":381,"href":"https:\/\/beerihof.ch\/wordpress2014\/index.php\/wp-json\/wp\/v2\/pages\/37\/revisions\/381"}],"up":[{"embeddable":true,"href":"https:\/\/beerihof.ch\/wordpress2014\/index.php\/wp-json\/wp\/v2\/pages\/35"}],"wp:featuredmedia":[{"embeddable":true,"href":"https:\/\/beerihof.ch\/wordpress2014\/index.php\/wp-json\/wp\/v2\/media\/281"}],"wp:attachment":[{"href":"https:\/\/beerihof.ch\/wordpress2014\/index.php\/wp-json\/wp\/v2\/media?parent=37"}],"curies":[{"name":"wp","href":"https:\/\/api.w.org\/{rel}","templated":true}]}}