{"id":117,"date":"2015-04-20T10:14:44","date_gmt":"2015-04-20T08:14:44","guid":{"rendered":"http:\/\/beerihof.ch\/?page_id=117"},"modified":"2015-05-21T21:07:46","modified_gmt":"2015-05-21T19:07:46","slug":"kuerbis","status":"publish","type":"page","link":"https:\/\/beerihof.ch\/wordpress2014\/index.php\/kuerbis\/","title":{"rendered":"K\u00fcrbis"},"content":{"rendered":"<p><a href=\"http:\/\/beerihof.ch\/wordpress2014\/wp-content\/uploads\/2015\/04\/P1010872.jpg\"><img loading=\"lazy\" decoding=\"async\" class=\"alignleft size-medium wp-image-333\" src=\"http:\/\/beerihof.ch\/wordpress2014\/wp-content\/uploads\/2015\/04\/P1010872-300x225.jpg\" alt=\"P1010872\" width=\"300\" height=\"225\" srcset=\"https:\/\/beerihof.ch\/wordpress2014\/wp-content\/uploads\/2015\/04\/P1010872-300x225.jpg 300w, https:\/\/beerihof.ch\/wordpress2014\/wp-content\/uploads\/2015\/04\/P1010872-1024x768.jpg 1024w\" sizes=\"auto, (max-width: 300px) 100vw, 300px\" \/><\/a>Die Sommerk\u00fcrbisse Patisson er\u00f6ffnen die K\u00fcrbissaison bereits Anfang August. Grosser K\u00fcrbish\u00f6hepunkt ist Halloween, f\u00fcr den wir geeignete grosse K\u00fcrbisse anbauen. Die Speisek\u00fcribsse sind noch lange in den Winter erh\u00e4ltlich.<\/p>\n<p>Was gibt es sch\u00f6n<\/p>\n<figure id=\"attachment_330\" aria-describedby=\"caption-attachment-330\" style=\"width: 300px\" class=\"wp-caption alignleft\"><a href=\"http:\/\/beerihof.ch\/wordpress2014\/wp-content\/uploads\/2015\/04\/P1010760.jpg\"><img loading=\"lazy\" decoding=\"async\" class=\"size-medium wp-image-330\" src=\"http:\/\/beerihof.ch\/wordpress2014\/wp-content\/uploads\/2015\/04\/P1010760-300x225.jpg\" alt=\"gelbe Patisson\" width=\"300\" height=\"225\" srcset=\"https:\/\/beerihof.ch\/wordpress2014\/wp-content\/uploads\/2015\/04\/P1010760-300x225.jpg 300w, https:\/\/beerihof.ch\/wordpress2014\/wp-content\/uploads\/2015\/04\/P1010760-1024x768.jpg 1024w\" sizes=\"auto, (max-width: 300px) 100vw, 300px\" \/><\/a><figcaption id=\"caption-attachment-330\" class=\"wp-caption-text\">gelbe Patisson<\/figcaption><\/figure>\n<p>eres, als eine warme, feinduftende K\u00fcrbissuppe an einem kalten verschneiten Winterabend zu geniessen? Und f\u00fcr alle, die gerne eine pfannenfertige hausgemachte K\u00fcribssuppe suchen, sind Sie auf dem Beerihof an der richtigen Adresse. Jederzeit sterilisierte K\u00fcrbissuppe erh\u00e4ltlich!<\/p>\n","protected":false},"excerpt":{"rendered":"<p>Die Sommerk\u00fcrbisse Patisson er\u00f6ffnen die K\u00fcrbissaison bereits Anfang August. Grosser K\u00fcrbish\u00f6hepunkt ist Halloween, f\u00fcr den wir geeignete grosse K\u00fcrbisse anbauen. Die Speisek\u00fcribsse sind noch lange in den Winter erh\u00e4ltlich. Was gibt es sch\u00f6n eres, als eine warme, feinduftende K\u00fcrbissuppe an einem kalten verschneiten Winterabend zu geniessen? Und f\u00fcr alle, die gerne eine pfannenfertige hausgemachte K\u00fcribssuppe &hellip; <a href=\"https:\/\/beerihof.ch\/wordpress2014\/index.php\/kuerbis\/\" class=\"more-link\">Continue reading <span class=\"screen-reader-text\">K\u00fcrbis<\/span><\/a><\/p>\n","protected":false},"author":1,"featured_media":0,"parent":0,"menu_order":0,"comment_status":"closed","ping_status":"closed","template":"","meta":{"footnotes":""},"class_list":["post-117","page","type-page","status-publish","hentry"],"_links":{"self":[{"href":"https:\/\/beerihof.ch\/wordpress2014\/index.php\/wp-json\/wp\/v2\/pages\/117","targetHints":{"allow":["GET"]}}],"collection":[{"href":"https:\/\/beerihof.ch\/wordpress2014\/index.php\/wp-json\/wp\/v2\/pages"}],"about":[{"href":"https:\/\/beerihof.ch\/wordpress2014\/index.php\/wp-json\/wp\/v2\/types\/page"}],"author":[{"embeddable":true,"href":"https:\/\/beerihof.ch\/wordpress2014\/index.php\/wp-json\/wp\/v2\/users\/1"}],"replies":[{"embeddable":true,"href":"https:\/\/beerihof.ch\/wordpress2014\/index.php\/wp-json\/wp\/v2\/comments?post=117"}],"version-history":[{"count":5,"href":"https:\/\/beerihof.ch\/wordpress2014\/index.php\/wp-json\/wp\/v2\/pages\/117\/revisions"}],"predecessor-version":[{"id":334,"href":"https:\/\/beerihof.ch\/wordpress2014\/index.php\/wp-json\/wp\/v2\/pages\/117\/revisions\/334"}],"wp:attachment":[{"href":"https:\/\/beerihof.ch\/wordpress2014\/index.php\/wp-json\/wp\/v2\/media?parent=117"}],"curies":[{"name":"wp","href":"https:\/\/api.w.org\/{rel}","templated":true}]}}