{"id":115,"date":"2015-04-20T10:14:34","date_gmt":"2015-04-20T08:14:34","guid":{"rendered":"http:\/\/beerihof.ch\/?page_id=115"},"modified":"2015-04-20T10:47:02","modified_gmt":"2015-04-20T08:47:02","slug":"kartoffeln","status":"publish","type":"page","link":"https:\/\/beerihof.ch\/wordpress2014\/index.php\/kartoffeln\/","title":{"rendered":"Kartoffeln"},"content":{"rendered":"<p>Ab Ende Juni sind die feinen Fr\u00fchkartoffeln erntereif. Wir bauen f\u00fcnf verschiedenen Sorten an, damit wir das ganze Jahr f\u00fcr jeden Geschmack Kartoffeln anbieten k\u00f6nnen. Wir bieten auch blaue Kartoffeln und Topnambur an, was in der kreativen K\u00fcche grossen Anklang findet.<\/p>\n","protected":false},"excerpt":{"rendered":"<p>Ab Ende Juni sind die feinen Fr\u00fchkartoffeln erntereif. Wir bauen f\u00fcnf verschiedenen Sorten an, damit wir das ganze Jahr f\u00fcr jeden Geschmack Kartoffeln anbieten k\u00f6nnen. Wir bieten auch blaue Kartoffeln und Topnambur an, was in der kreativen K\u00fcche grossen Anklang findet.<\/p>\n","protected":false},"author":1,"featured_media":0,"parent":0,"menu_order":0,"comment_status":"closed","ping_status":"closed","template":"","meta":{"footnotes":""},"class_list":["post-115","page","type-page","status-publish","hentry"],"_links":{"self":[{"href":"https:\/\/beerihof.ch\/wordpress2014\/index.php\/wp-json\/wp\/v2\/pages\/115","targetHints":{"allow":["GET"]}}],"collection":[{"href":"https:\/\/beerihof.ch\/wordpress2014\/index.php\/wp-json\/wp\/v2\/pages"}],"about":[{"href":"https:\/\/beerihof.ch\/wordpress2014\/index.php\/wp-json\/wp\/v2\/types\/page"}],"author":[{"embeddable":true,"href":"https:\/\/beerihof.ch\/wordpress2014\/index.php\/wp-json\/wp\/v2\/users\/1"}],"replies":[{"embeddable":true,"href":"https:\/\/beerihof.ch\/wordpress2014\/index.php\/wp-json\/wp\/v2\/comments?post=115"}],"version-history":[{"count":2,"href":"https:\/\/beerihof.ch\/wordpress2014\/index.php\/wp-json\/wp\/v2\/pages\/115\/revisions"}],"predecessor-version":[{"id":204,"href":"https:\/\/beerihof.ch\/wordpress2014\/index.php\/wp-json\/wp\/v2\/pages\/115\/revisions\/204"}],"wp:attachment":[{"href":"https:\/\/beerihof.ch\/wordpress2014\/index.php\/wp-json\/wp\/v2\/media?parent=115"}],"curies":[{"name":"wp","href":"https:\/\/api.w.org\/{rel}","templated":true}]}}