{"id":105,"date":"2015-04-20T10:13:34","date_gmt":"2015-04-20T08:13:34","guid":{"rendered":"http:\/\/beerihof.ch\/?page_id=105"},"modified":"2015-05-21T18:03:17","modified_gmt":"2015-05-21T16:03:17","slug":"birnen","status":"publish","type":"page","link":"https:\/\/beerihof.ch\/wordpress2014\/index.php\/birnen\/","title":{"rendered":"Birnen"},"content":{"rendered":"<p><a href=\"http:\/\/beerihof.ch\/wordpress2014\/wp-content\/uploads\/2015\/04\/P1010757.jpg\"><img loading=\"lazy\" decoding=\"async\" class=\"alignleft size-medium wp-image-309\" src=\"http:\/\/beerihof.ch\/wordpress2014\/wp-content\/uploads\/2015\/04\/P1010757-300x225.jpg\" alt=\"P1010757\" width=\"300\" height=\"225\" srcset=\"https:\/\/beerihof.ch\/wordpress2014\/wp-content\/uploads\/2015\/04\/P1010757-300x225.jpg 300w, https:\/\/beerihof.ch\/wordpress2014\/wp-content\/uploads\/2015\/04\/P1010757-1024x768.jpg 1024w\" sizes=\"auto, (max-width: 300px) 100vw, 300px\" \/><\/a><\/p>\n<figure id=\"attachment_311\" aria-describedby=\"caption-attachment-311\" style=\"width: 300px\" class=\"wp-caption alignleft\"><a href=\"http:\/\/beerihof.ch\/wordpress2014\/wp-content\/uploads\/2015\/04\/P1010761.jpg\"><img loading=\"lazy\" decoding=\"async\" class=\"size-medium wp-image-311\" src=\"http:\/\/beerihof.ch\/wordpress2014\/wp-content\/uploads\/2015\/04\/P1010761-300x225.jpg\" alt=\"Nashi\" width=\"300\" height=\"225\" srcset=\"https:\/\/beerihof.ch\/wordpress2014\/wp-content\/uploads\/2015\/04\/P1010761-300x225.jpg 300w, https:\/\/beerihof.ch\/wordpress2014\/wp-content\/uploads\/2015\/04\/P1010761-1024x768.jpg 1024w\" sizes=\"auto, (max-width: 300px) 100vw, 300px\" \/><\/a><figcaption id=\"caption-attachment-311\" class=\"wp-caption-text\">Nashi<\/figcaption><\/figure>\n<p>Die neuen Birnenb\u00e4ume, welche wir 2007 gepflanzt haben, tragen bereits Fr\u00fcchte und so f\u00fchren wir in unserem Hofladen ein breites feines Birnensortiment. Eine Spezialit\u00e4t sind die Nashi, eine asiatischen Dessertbirne.<\/p>\n","protected":false},"excerpt":{"rendered":"<p>Die neuen Birnenb\u00e4ume, welche wir 2007 gepflanzt haben, tragen bereits Fr\u00fcchte und so f\u00fchren wir in unserem Hofladen ein breites feines Birnensortiment. Eine Spezialit\u00e4t sind die Nashi, eine asiatischen Dessertbirne.<\/p>\n","protected":false},"author":1,"featured_media":0,"parent":0,"menu_order":0,"comment_status":"closed","ping_status":"closed","template":"","meta":{"footnotes":""},"class_list":["post-105","page","type-page","status-publish","hentry"],"_links":{"self":[{"href":"https:\/\/beerihof.ch\/wordpress2014\/index.php\/wp-json\/wp\/v2\/pages\/105","targetHints":{"allow":["GET"]}}],"collection":[{"href":"https:\/\/beerihof.ch\/wordpress2014\/index.php\/wp-json\/wp\/v2\/pages"}],"about":[{"href":"https:\/\/beerihof.ch\/wordpress2014\/index.php\/wp-json\/wp\/v2\/types\/page"}],"author":[{"embeddable":true,"href":"https:\/\/beerihof.ch\/wordpress2014\/index.php\/wp-json\/wp\/v2\/users\/1"}],"replies":[{"embeddable":true,"href":"https:\/\/beerihof.ch\/wordpress2014\/index.php\/wp-json\/wp\/v2\/comments?post=105"}],"version-history":[{"count":4,"href":"https:\/\/beerihof.ch\/wordpress2014\/index.php\/wp-json\/wp\/v2\/pages\/105\/revisions"}],"predecessor-version":[{"id":312,"href":"https:\/\/beerihof.ch\/wordpress2014\/index.php\/wp-json\/wp\/v2\/pages\/105\/revisions\/312"}],"wp:attachment":[{"href":"https:\/\/beerihof.ch\/wordpress2014\/index.php\/wp-json\/wp\/v2\/media?parent=105"}],"curies":[{"name":"wp","href":"https:\/\/api.w.org\/{rel}","templated":true}]}}